ainder when 337 is divided by w?
14
Let v(a) = -41*a + 4. Let x be v(2). What is the remainder when 75 is divided by x/(-4) - (-1)/(-2)?
18
Let z = 1 - -2. Suppose -37 = -z*v + 14. Calculate the remainder when 3/(3/31)*(8 + -7) is divided by v.
14
Let t be 1/(-3)*95*-3. Suppose 7*g - t = 10. Calculate the remainder when 58 is divided by g.
13
Let s(a) = 14*a**2. Suppose 0 = -6*g + 4*g + 4. Let l be s(g). Suppose -6*q + l = -2*q. Calculate the remainder when 54 is divided by q.
12
Let k = -116 - -122. Suppose 3*d = -5*u + 550, -k*u - 2*d + 117 = -5*u. Calculate the remainder when u is divided by 36.
35
Let h(a) = -a + 47. What is the remainder when 185 is divided by h(-5)?
29
Let n = 35 + -33. Suppose 4*g - 39 = -l, 2*g - 8 - 4 = -n*l. What is the remainder when 63 is divided by g?
8
Let k be 3/(-2) - 12/(-8). Suppose k = 5*a - 129 + 4. Let g = 35 - a. What is the remainder when 26 is divided by g?
6
Let u(t) = 89*t + 108. What is the remainder when u(1) is divided by 50?
47
Let w(a) = 189*a - 174. Calculate the remainder when w(4) is divided by 9.
6
Suppose -405 = 5*c - 5*m, -2*c - 5*m - 259 = c. Let w = 136 + c. Calculate the remainder when w is divided by 28.
25
Suppose 5*o + 16 = -c - 16, -3*c - 5 = 2*o. Let v(p) = p**3 + 9*p**2 + 7*p - 2. Calculate the remainder when v(o) is divided by 12.
11
Let o be 1118/8 + 34/8 + -4. Let v = -77 + o. What is the remainder when v is divided by 13?
11
Let r be 4 + -1 + 2/(-2). Suppose 0 = -4*k + 65 - 49. Suppose -k*d + 60 = -r*d. Calculate the remainder when 57 is divided by d.
27
Suppose 104*g = 95*g + 261. What is the remainder when g is divided by 4?
1
Suppose 0 = -4*x - 5*c + 2*c + 123, -3*x = c - 86. Let u be x/3*1/3. Suppose -u*q = 2*q - 15. What is the remainder when 6 is divided by q?
0
Suppose -4*q = 4, -102 = -4*t + 5*q - 7*q. Let l = 170 + -15. What is the remainder when l is divided by t?
25
Let b(i) = 8*i**2 - 16*i - 7. What is the remainder when b(6) is divided by 6?
5
Let h = -211 + 314. Calculate the remainder when h is divided by 18.
13
Suppose 2*l - 12 = -2*l. Suppose 2*z + 4 = 3*i, -i + 5*z - 12 = i. What is the remainder when l/(-9)*(-31 + -2) is divided by i?
3
Let n = -162 + 1504. What is the remainder when n is divided by 28?
26
Suppose 0*o = -12*o + 36. Suppose o*k = k + 88. What is the remainder when k is divided by 8?
4
Let v = -7 + -25. Let b = 14 - v. Suppose -5*d = 0, 2*d + d = -4*c + 96. Calculate the remainder when b is divided by c.
22
Let g(a) = 11*a**3 + 4*a - 4. Let x be (-2 - -8) + (3 - 7). Let q be g(x). Suppose 2*f + 2*f - q = 0. Calculate the remainder when 66 is divided by f.
20
Let d = 118 - 71. Calculate the remainder when 184 is divided by d.
43
Calculate the remainder when ((-144)/16)/(12/(-160)) is divided by 32.
24
Suppose -5*n - 8*x = -3*x - 320, -5*n + 3*x + 336 = 0. Suppose q + 23 - 6 = 0. Calculate the remainder when n is divided by ((-1)/(-1))/((-1)/q).
15
Suppose -10*t - 81 + 841 = 0. Let b = 93 - t. Calculate the remainder when b is divided by 10.
7
Let t = 159 - 131. What is the remainder when 190 is divided by t?
22
Calculate the remainder when 190 is divided by (15/10)/(3/56).
22
What is the remainder when 191 is divided by ((-412)/(-927))/((-4)/(-198))?
15
Suppose 12*v + 7*v - 646 = 0. Calculate the remainder when v is divided by 18.
16
Suppose 8*g - 2*h = 4*g - 194, 5*g + 270 = -3*h. Let u = -14 - g. Calculate the remainder when u is divided by 19.
18
Let h(j) = -j**3 + 13*j**2 + 4*j - 3. Calculate the remainder when h(13) is divided by 2 + 2 + (3 - -18).
24
Let a be (-7)/42 - (-47)/(-6). Let s = a + 34. What is the remainder when 75 is divided by s?
23
Let p = 23 - 32. Calculate the remainder when 17 is divided by (p/(-6))/(12/56).
3
Let k(i) = 2*i - 6. Let z be k(4). Suppose -z*u = -u - 3. What is the remainder when (-59 - u)*-1 - -3 is divided by 34?
31
Let i(m) = -18*m - 475. Calculate the remainder when 615 is divided by i(-27).
10
Let o = 7 - -7. What is the remainder when (3/1)/(-3) + 41 is divided by o?
12
Let v(s) = 73*s - 1. Suppose 0 = 3*n - 102 - 9. What is the remainder when v(1) is divided by n?
35
Let w(t) = -105*t**2 - t + 2. Let v(i) = -i**3 + 3*i**2 + 3*i + 5. Let s be v(4). Let g be w(s). What is the remainder when (g/12)/((-2)/3) is divided by 4?
1
Let v = -844 - -948. Calculate the remainder when v is divided by 26.
0
Let z be 1*(-3)/(1 - 2). Suppose 54 + 12 = z*i. What is the remainder when 64 is divided by i?
20
Let l = 480 - -519. Calculate the remainder when l is divided by 100.
99
Suppose 0 = -2*q - 46 + 60. Suppose h + 2*h - 36 = 0. Calculate the remainder when h is divided by q.
5
Let j = -250 + 481. Let t = j - 158. Calculate the remainder when t is divided by 25.
23
Suppose 0 = -21*v - 17*v + 114. Let u be (-5 - 1)/((-4)/(-6)). Let l(k) = k**2 + 8*k - 6. Calculate the remainder when v is divided by l(u).
0
What is the remainder when 1644/30*(-35)/(-14) is divided by 28?
25
Let d = -1326 + 1365. Calculate the remainder when 120 is divided by d.
3
Suppose -519 = 4*d - 1663. What is the remainder when d is divided by 16?
14
Suppose 0 = -4*t - c - 16, 5 = -3*t - 4*c + 6. Let i = -46 + 60. Let a = t + i. Calculate the remainder when a is divided by 3.
0
Let d = -33 - -68. What is the remainder when 2387/d - (-12)/15 is divided by 18?
15
Let o(x) = -x**3 + 11*x**2 + 9*x. Let r be o(7). Suppose -5*w + 346 = -r. Calculate the remainder when w is divided by 25.
21
Suppose 2*c - 123 = -3*k, 3*c + 118 = 5*k - 87. Let z = k + -36. Calculate the remainder when 26 is divided by z.
1
Let g be 0 + (-1 - 0 - 1). Let i(f) = f**3 + 7*f**2 - f - 8. Let r be i(-7). What is the remainder when (-1)/r*(-16)/g is divided by 7?
1
Let j be (-8)/10 - -1 - (-140)/50. Let p(n) = 16*n - 8. Let y be p(6). Suppose y = z + j*z. What is the remainder when z is divided by 12?
10
Let g(t) = 4*t**2 - 52*t - 25. What is the remainder when 957 is divided by g(14)?
27
Suppose 3*o - 138 = -18. Calculate the remainder when 156 is divided by o.
36
Suppose 4*q - 22 - 22 = 0. Suppose 31*a - 40*a = -477. Calculate the remainder when a is divided by q.
9
Let q be (-68 + 2)/(-2) - -1. Let l = 34 - q. Let c = 15 - l. What is the remainder when 42 is divided by c?
12
Let j = 1937 - 1826. Suppose 2*d = -22 + 78. Calculate the remainder when j is divided by d.
27
Let q(w) = 7*w - 19. Let m be q(14). Suppose 4 = a - 5*a, n = 4*a + m. What is the remainder when n is divided by 38?
37
Let m = 288 - 265. Suppose 10 + 29 = 3*d. What is the remainder when m is divided by d?
10
Let b = -147 - -216. What is the remainder when b is divided by 12?
9
Suppose -2*b + 51 = b. Suppose 16*h - 118 = 906. Calculate the remainder when h is divided by b.
13
Let j(h) = 3*h**2 - 12*h - 65. Calculate the remainder when j(-4) is divided by 3.
1
Let k(l) = l**2 - 13*l + 120. Calculate the remainder when k(11) is divided by 50.
48
Suppose 26 + 6 = w. Suppose 2*u - 512 = -2*u + j, 5*u - 4*j = 651. What is the remainder when u is divided by w?
31
Let v = -18 - -20. Suppose -v*t + 3*p + 13 = -0*p, 0 = 2*t - p - 15. Calculate the remainder when 14 is divided by t.
6
Suppose 4*p + 3*r - 197 = 0, 5*r + 12 = -13. Calculate the remainder when p is divided by 6/3 + 11 + -2.
9
Let p(m) = m**3 + 13*m**2 + 30*m + 20. Calculate the remainder when 1097 is divided by p(-8).
97
Let h(l) = -l**3 + 5*l**2 + 4*l - 6. Calculate the remainder when (2/5 - 14648/(-180)) + (-1374)/(-6183) is divided by h(5).
12
Suppose -x = -2*x + 18. Calculate the remainder when 159 is divided by x.
15
Suppose 2*c = -r + 5*r + 80, c - 26 = -5*r. Suppose 4*q + 418 = 8*q - v, v = -2*q + 212. What is the remainder when q is divided by c?
33
Suppose 0 = -8*t + 3*t + 25. Suppose 4*i - 13 + t = 0. Suppose -3*h = i*h - 230. Calculate the remainder when h is divided by 12.
10
Suppose -29*c - 184 = -30*c. Suppose 6 = 5*o - c. Calculate the remainder when 111 is divided by o.
35
What is the remainder when 24 is divided by (-4)/(-6) - 220/(-12)?
5
Let f = 1112 - 1090. Let k = 186 + -123. Calculate the remainder when k is divided by f.
19
Let n(o) = o - 7. Let a be n(6). Let k be (0/(-4))/(-4)*a. Suppose k = -4*s + 7 + 5. What is the remainder when 4 is divided by s?
1
Suppose -7*r + 154 = -21. Suppose -3*p + 3*w + 162 = 0, -39 = -4*p + 3*p 